he tens digit of (-2 - r/2)*(35 + -39)?
3
Let h(s) be the second derivative of -3/2*s**2 - 1/12*s**4 + 0 + 14*s - 5/3*s**3. What is the units digit of h(-2)?
3
Let q(i) = 7 - 6 + 5*i**2 - 2*i**2. Let t be q(1). Suppose -t*a + 544 = -0*a. What is the units digit of a?
6
Let p = 5588 + 2172. What is the units digit of p?
0
Let u = 926 + -548. Suppose 10*z - z = u. What is the tens digit of z?
4
Let x(d) = -d**3 - 7*d**2 + 10*d + 8. Let b be x(-8). Let q = -1791 - -2025. What is the tens digit of (-4)/(b - -4)*q?
3
Let x = 208 + -120. Let t = x + 81. Let h = t + -64. What is the hundreds digit of h?
1
Let c(k) = 3 + k**2 - 4*k - 3*k**3 - 5 + 4*k**3 + 3. Let q be (4 - (-8 - -8))/((-12)/(-15)). What is the tens digit of c(q)?
3
Suppose a + 12*t - 14 = 11*t, -4*a + 5*t + 65 = 0. Suppose -3*r - 381 + 54 = -y, a = 3*r. What is the hundreds digit of y?
3
Let d(z) = 2*z**3 + 18*z**2 + 6*z + 14. Let p be d(-8). Let y = 186 + p. What is the hundreds digit of y?
2
What is the tens digit of (-51982)/2*(-5 + 4)*1?
9
Let a = 302 - -149. Suppose a = 8*z - 861. What is the units digit of z?
4
Let w(s) = 7*s - 1. Let y(l) = 34*l - 4. Let p(j) = -14*w(j) + 3*y(j). Let n be p(-2). What is the units digit of 7 + (n/3 - -4)?
9
Let k(u) = 3*u**2 + 60*u - 35. Let d be k(-21). Suppose 0 = 4*a - 96 - d. What is the units digit of a?
1
Let x(b) = 2*b**3 + 40*b**2 + 36*b - 76. What is the hundreds digit of x(22)?
3
Suppose -11*b + 2975 + 1084 = 0. Suppose -4*l = 2*j - 328, 113 = -3*l + j + b. What is the tens digit of l?
8
Let u be 9/((-27)/(-12)) + -4. Suppose 5*m + 3*r + 112 = 0, -3*m + r + 2*r - 48 = u. What is the units digit of (-30)/(28/m + 1)?
5
Let w = 45 - 42. Suppose -p + w*k + 15 = -0*p, -5*p - 4*k = -18. What is the units digit of 8/48 - (-359)/p?
0
Suppose -13321*d + 13292*d + 2287433 = 0. What is the hundreds digit of d?
8
Suppose -7160*p - 624390 = -7186*p. What is the thousands digit of p?
4
Suppose 0 = 7*i - 17513 - 83007. What is the hundreds digit of i?
3
Let f(k) be the third derivative of 14*k**2 - 5/6*k**3 + 0*k + 1/5*k**5 - 1/2*k**4 + 0 - 1/120*k**6. What is the tens digit of f(10)?
7
Suppose 4*j = 0, 3*j - 5 = -f - j. Let o = -760 + 763. Suppose -o*p + 215 = f*n - n, 3*n = p + 158. What is the units digit of n?
3
Suppose -18*i + 37604 = -4*i. Suppose -13*d + 1578 = -i. What is the units digit of d?
8
Let i be 9/(-18)*(-4 + 10*119). Let a = i + 827. What is the tens digit of a?
3
Let l = -44 - -56. Suppose 6*z - 12 = l. Let a = 7 + z. What is the units digit of a?
1
Let j(v) = -14508*v - 116. What is the units digit of j(-2)?
0
Let c be -5 + 5/((-5)/118). Let m = 115 + c. What is the tens digit of (-47)/((-6)/m + -1)?
8
Suppose -133*h + 5002566 = -54626. What is the thousands digit of h?
8
Suppose 0 = 3*c + 13 - 4, -d - 4*c = 13. What is the hundreds digit of ((-3)/2 - d)/((-83)/39674)?
2
Let k(p) = 53*p**2 - 20*p + 92. Let u be k(6). Suppose 14*s - u = 1340. What is the units digit of s?
0
Suppose -26*s - 29 = -24*s - 5*x, 4*s + x + 3 = 0. What is the units digit of -53*(2/s - 0)?
3
Let b = 9 - 12. Let j = 165 + b. Let g = j - 75. What is the tens digit of g?
8
Suppose 5*y + 11640 = 3*w, -4*w = -293*y + 297*y - 15488. What is the units digit of w?
5
Suppose 0 = 5*u - 644 - 201. Suppose z - 218 = u. What is the units digit of z?
7
Suppose -1 - 33 = -17*h. Suppose -30 = 3*t - 4*x + h, 6 = t + 2*x. What is the hundreds digit of (-6)/t*62*(-5)/(-3)?
1
Suppose 9*v = v + 313288. What is the units digit of v?
1
Suppose 0 = 5*i - 10*p + 5*p - 65, p = -2*i + 11. Suppose -i*y = -744 - 696. What is the hundreds digit of y?
1
Suppose 10*n - 5*n = -l - 20, -5 = n. Suppose l*b - 4*k - 2986 = 0, 6*b - k - 2391 = 2*b. What is the hundreds digit of b?
5
What is the hundreds digit of (9675/(-135))/((-50)/13410)?
2
Let t(n) = -4*n - 3. Let r(k) = -3*k + 3. Let q(i) = -3*i + 2. Let l(b) = -4*q(b) + 3*r(b). Let w(o) = -14*l(o) - 6*t(o). What is the hundreds digit of w(-13)?
2
Let l = -54 - -59. Suppose 5*s - 45 = l. What is the tens digit of (-1 + s)*(21 + -7)?
2
Let d(f) = 5*f**2 - 264*f - 254. What is the thousands digit of d(58)?
1
Let w = 20 + -20. Suppose -3*i = -n + 11, -3*n + w*i + 18 = -4*i. Let t(c) = 9*c**2 - 2*c - 2. What is the units digit of t(n)?
0
Let w = 599 + -24. Suppose -18*l = -13*l - w. Suppose 279 = 5*t - 4*n, -2*t - 5*n - l = -4*t. What is the units digit of t?
5
Let b(g) = 3*g**2 + 82*g + 2*g**2 - 85*g - 1 + 2*g**2 + 30*g**2. What is the units digit of b(-3)?
1
Let x = -9 - -480. Suppose -465*u = -x*u + 3330. What is the hundreds digit of u?
5
What is the thousands digit of ((-732)/(-50))/((-7)/140*4)*-270?
9
Let g(n) = -n**3 - 6*n**2 + n + 15. Let y be g(-8). Let m be (y/(-60))/(6/(-64)). Let w = m - 8. What is the units digit of w?
6
Suppose 0 = -15*v + 4*v + 220. Let a(o) = -6*o + 51. Let m(g) = 6*g - 51. Let j(i) = 3*a(i) + 4*m(i). What is the tens digit of j(v)?
6
Suppose -205 = 3*w - 592. Let o = 469 - 108. Suppose -4*t + o = w. What is the units digit of t?
8
Suppose 2*w - 804 + 60 = -2*r, -5*w = 10. Suppose -15*i + 4094 = r. What is the hundreds digit of i?
2
What is the ten thousands digit of (1552 - (-3 + 2))/((12/52)/3)?
2
Let j(z) = 278*z**2 + 14*z - 105. What is the units digit of j(7)?
5
Suppose 25 + 15 = -5*u + 3*n, u = n - 10. Let q(x) = -x**3 - 5*x**2 + 2*x + 13. Let g be q(u). Suppose b + 296 = g*b. What is the units digit of b?
8
Suppose 0 = -4*v + 3*h + 59143, 2029 - 16811 = -v - 3*h. What is the thousands digit of v?
4
Let w = 0 - 0. Let m = -1941 - -1957. What is the hundreds digit of (1 - w)/(m/2192)?
1
Let t(j) = 17*j**3 - 10*j**2 + 12*j + 12. Let z be t(5). Suppose -z = -47*o + 36*o. What is the units digit of o?
7
Suppose 4*o = 2*f - 416, 5*f + 2*o - 691 = 301. Suppose 70 = 3*h - 4*d + f, 3*d + 265 = -5*h. Let z = 178 - h. What is the hundreds digit of z?
2
Suppose -165*i - 348890 = -7295390. What is the ten thousands digit of i?
4
Let t(f) = 113*f + 14. Let g be t(2). Suppose 10*l - 3330 = -g. What is the tens digit of l?
0
Suppose -2*a + 6*h = -29000, -a - 2*h + 19661 = 5186. What is the ten thousands digit of a?
1
Let y = -266 + 266. Suppose y = 14*v + 150 - 2222. What is the hundreds digit of v?
1
Suppose 0 = 5*x + 6*x - 31757. Suppose 2*n + 5*z - 2159 = -n, 4*n = -5*z + x. Suppose 4*v = -4*b + n, -2*v + 5*b - 48 = -426. What is the tens digit of v?
8
Let j = -172 + 163. What is the tens digit of (-2 + 3)/(j - 19334/(-2148))?
7
Suppose -2*h = 0, 2*h - 16511 - 7809 = -4*p. What is the thousands digit of p?
6
Let g be (-4 + 5)*14 + (-1 - -1). Suppose g*p = 3*p + 22. Let z = 122 - p. What is the units digit of z?
0
Suppose -145*q + 23893696 - 6244459 = 248*q. What is the thousands digit of q?
4
Suppose 245*b + 138 = 251*b. Suppose -10*u - 7696 = -b*u. What is the tens digit of u?
9
Let b be (-30)/8*(-5 + 3 - 2). Let v be 4/(-10) - (-6)/b. Suppose -5*s - 4*c + 2*c + 255 = v, -3*s + 162 = 3*c. What is the tens digit of s?
4
Suppose 0 = -3*z + 5*m + 47 - 16, -m = 2*z - 12. Let d be 1/z - 220/(-28). Suppose -4*x = 4*w - 292, -x = -w + 55 + d. What is the tens digit of w?
6
Suppose -154 = -3*t - 163, -5*t = 2*m - 74371. What is the hundreds digit of m?
1
What is the hundreds digit of 108/(-27)*(-24351)/12 - -2?
1
What is the tens digit of (10/(-4))/((-486)/1119420*25/18)?
4
Let t(k) = -20*k**3 - 13*k**2 - 5*k + 21. What is the ten thousands digit of t(-9)?
1
Suppose 4*h - 6 = -3*z + z, 2*z = -2*h + 6. Suppose -c + 26 + 67 = h. What is the tens digit of c?
9
Let a(j) = -9 - 12 + 12*j**2 - 92*j + j**3 + 95*j. What is the tens digit of a(-8)?
1
Let m be 776 - (7/(-1) + 3). Let g = m + -281. What is the hundreds digit of g?
4
Let q(x) = -x**3 + 16*x**2 + 17*x + 134. What is the units digit of q(9)?
4
Suppose 5*g + 11 = -14. Let f(i) = 7*i + 13. Let n(t) = -6*t - 14. Let k(p) = -3*f(p) - 4*n(p). What is the units digit of k(g)?
2
Let y(a) = 512*a**2 - 9*a - 8. Let s = -311 + 310. What is the tens digit of y(s)?
1
Let g = -48 + 52. Suppose 0*i - a - 2153 = -3*i, 0 = -g*i - a + 2873. What is the units digit of i?
8
Let b be (-2)/((-1560)/(-388) - 4). Suppose -14*g = -22*g + 1552. Let v = b + g. What is the tens digit of v?
9
Let v = 64 - 47. Suppose 0 = 7*t - 11 - v. Suppose 3*f - 289 + t = -3*j, -4*f + 390 = -j. What is the 